der when 627 is divided by 168?
123
What is the remainder when 1964 is divided by 41?
37
Calculate the remainder when 4 is divided by 4.
0
What is the remainder when 1326 is divided by 166?
164
Calculate the remainder when 173 is divided by 30.
23
What is the remainder when 2202 is divided by 19?
17
What is the remainder when 3616 is divided by 11?
8
What is the remainder when 168 is divided by 44?
36
Calculate the remainder when 200 is divided by 27.
11
Calculate the remainder when 253 is divided by 82.
7
What is the remainder when 92 is divided by 59?
33
Calculate the remainder when 865 is divided by 17.
15
What is the remainder when 131 is divided by 127?
4
Calculate the remainder when 233 is divided by 122.
111
What is the remainder when 327 is divided by 114?
99
Calculate the remainder when 110 is divided by 47.
16
What is the remainder when 215 is divided by 37?
30
Calculate the remainder when 1152 is divided by 5.
2
Calculate the remainder when 629 is divided by 35.
34
What is the remainder when 2018 is divided by 144?
2
What is the remainder when 4445 is divided by 19?
18
What is the remainder when 61 is divided by 32?
29
Calculate the remainder when 539 is divided by 139.
122
Calculate the remainder when 2672 is divided by 867.
71
Calculate the remainder when 68 is divided by 62.
6
What is the remainder when 249 is divided by 26?
15
Calculate the remainder when 158 is divided by 36.
14
Calculate the remainder when 1134 is divided by 64.
46
What is the remainder when 235 is divided by 60?
55
Calculate the remainder when 676 is divided by 60.
16
What is the remainder when 22 is divided by 6?
4
Calculate the remainder when 54 is divided by 54.
0
What is the remainder when 72 is divided by 19?
15
What is the remainder when 124 is divided by 65?
59
Calculate the remainder when 1589 is divided by 55.
49
Calculate the remainder when 794 is divided by 26.
14
What is the remainder when 947 is divided by 38?
35
Calculate the remainder when 29 is divided by 14.
1
Calculate the remainder when 236 is divided by 68.
32
Calculate the remainder when 22 is divided by 6.
4
What is the remainder when 626 is divided by 199?
29
Calculate the remainder when 7235 is divided by 1805.
15
What is the remainder when 3077 is divided by 15?
2
What is the remainder when 5258 is divided by 14?
8
Calculate the remainder when 871 is divided by 147.
136
What is the remainder when 198 is divided by 30?
18
Calculate the remainder when 7388 is divided by 264.
260
What is the remainder when 804 is divided by 163?
152
Calculate the remainder when 111 is divided by 26.
7
Calculate the remainder when 228 is divided by 60.
48
Calculate the remainder when 2473 is divided by 276.
265
What is the remainder when 200 is divided by 9?
2
Calculate the remainder when 251 is divided by 15.
11
What is the remainder when 564 is divided by 176?
36
Calculate the remainder when 604 is divided by 131.
80
Calculate the remainder when 821 is divided by 132.
29
Calculate the remainder when 7423 is divided by 158.
155
What is the remainder when 102 is divided by 37?
28
What is the remainder when 748 is divided by 25?
23
Calculate the remainder when 211 is divided by 24.
19
Calculate the remainder when 109 is divided by 33.
10
Calculate the remainder when 115 is divided by 39.
37
Calculate the remainder when 68 is divided by 31.
6
What is the remainder when 424 is divided by 33?
28
Calculate the remainder when 85 is divided by 22.
19
What is the remainder when 321 is divided by 99?
24
What is the remainder when 18 is divided by 5?
3
Calculate the remainder when 221 is divided by 81.
59
What is the remainder when 256 is divided by 88?
80
What is the remainder when 232 is divided by 114?
4
What is the remainder when 774 is divided by 30?
24
Calculate the remainder when 727 is divided by 16.
7
Calculate the remainder when 277 is divided by 9.
7
What is the remainder when 48203 is divided by 117?
116
Calculate the remainder when 2624 is divided by 18.
14
What is the remainder when 218 is divided by 57?
47
Calculate the remainder when 2434 is divided by 311.
257
Calculate the remainder when 612 is divided by 200.
12
Calculate the remainder when 5408 is divided by 27.
8
Calculate the remainder when 171 is divided by 37.
23
What is the remainder when 12 is divided by 8?
4
What is the remainder when 1828 is divided by 30?
28
What is the remainder when 51003 is divided by 41?
40
What is the remainder when 134 is divided by 44?
2
Calculate the remainder when 8 is divided by 7.
1
What is the remainder when 473 is divided by 58?
9
Calculate the remainder when 11177 is divided by 86.
83
Calculate the remainder when 87 is divided by 21.
3
What is the remainder when 688 is divided by 351?
337
What is the remainder when 55 is divided by 40?
15
Calculate the remainder when 595 is divided by 70.
35
What is the remainder when 1158 is divided by 14?
10
Calculate the remainder when 341 is divided by 26.
3
Calculate the remainder when 126 is divided by 26.
22
Calculate the remainder when 308 is divided by 21.
14
Calculate the remainder when 758 is divided by 10.
8
What is the remainder when 451 is divided by 155?
141
What is the remainder when 1913 is divided by 71?
67
Calculate the remainder when 184 is divided by 2.
0
What is the remainder when 1405 is divided by 174?
13
Calculate the remainder when 439 is divided by 10.
9
What is the remainder when 508 is divided by 9?
4
What is the remainder when 5454 is divided by 17?
14
Calculate the remainder when 24 is divided by 5.
4
What is the remainder when 1835 is divided by 11?
9
Calculate the remainder when 74 is divided by 74.
0
Calculate the remainder when 741 is divided by 26.
13
Calculate the remainder when 827 is divided by 160.
27
Calculate the remainder when 45 is divided by 13.
6
What is the remainder when 279 is divided by 26?
19
Calculate the remainder when 13841 is divided by 65.
61
Calculate the remainder when 1839 is divided by 1839.
0
What is the remainder when 2119 is divided by 76?
67
Calculate the remainder when 94 is divided by 60.
34
Calculate the remainder when 1437 is divided by 13.
7
What is the remainder when 218 is divided by 99?
20
Calculate the remainder when 898 is divided by 22.
18
What is the remainder when 646 is divided by 25?
21
What is the remainder when 142 is divided by 41?
19
What is the remainder when 15 is divided by 5?
0
Calculate the remainder when 1598 is divided by 178.
174
Calculate the remainder when 204 is divided by 23.
20
What is the remainder when 76 is divided by 11?
10
What is the remainder when 74 is divided by 43?
31
What is the remainder when 357 is divided by 91?
84
Calculate the remainder when 1976 is divided by 233.
112
Calculate the remainder when 180 is divided by 94.
86
Calculate the remainder when 657 is divided by 55.
52
Calculate the remainder when 145 is divided by 38.
31
What is the remainder when 3702 is divided by 39?
36
What is the remainder when 934 is divided by 7?
3
Calculate the remainder when 152 is divided by 12.
8
Calculate the remainder when 599 is divided by 30.
29
What is the remainder when 629 is divided by 105?
104
Calculate the remainder when 867 is divided by 220.
207
What is the remainder when 98 is divided by 53?
45
Calculate the remainder when 138 is divided by 45.
3
What is the remainder when 648 is divided by 9?
0
What is the remainder when 110 is divided by 14?
12
What is the remainder when 1637 is divided by 11?
9
Calculate the remainder when 46 is divided by 10.
6
What is the remainder when 395 is divided by 57?
53
What is the remainder when 54125 is divided by 272?
269
What is the remainder when 79 is divided by 16?
15
Calculate the remainder when 166 is divided by 57.
52
What is the remainder when 124 is divided by 21?
19
What is the remainder when 493 is divided by 11?
9
Calculate the remainder when 47 is divided by 28.
19
What is the remainder when 98 is divided by 21?
14
Calculate the remainder when 177 is divided by 89.
88
What is the remainder when 30 is divided by 10?
0
What is the remainder when 1759 is divided by 1744?
15
Calculate the remainder when 2447 is divided by 50.
47
Calculate the remainder when 155 is divided by 13.
12
What is the remainder when 51 is divid